{"id":33,"date":"2025-12-05T15:27:04","date_gmt":"2025-12-05T14:27:04","guid":{"rendered":"https:\/\/arial.fiole.net\/wordpress\/?page_id=33"},"modified":"2026-01-09T15:55:33","modified_gmt":"2026-01-09T14:55:33","slug":"page-membre-4","status":"publish","type":"page","link":"https:\/\/arial.fiole.net\/wordpress\/page-equipe\/page-membre-4\/","title":{"rendered":"Pauline VAYRIOT"},"content":{"rendered":"\n<div class=\"wp-block-cover\" style=\"border-top-left-radius:35px;border-top-right-radius:35px;border-bottom-left-radius:35px;border-bottom-right-radius:35px;min-height:500px;aspect-ratio:unset;\"><img loading=\"lazy\" decoding=\"async\" width=\"768\" height=\"1024\" class=\"wp-block-cover__image-background wp-image-34 size-large\" alt=\"Photo de Pauline Vayriot, d\u00e9veloppeuse web et de l'UX Design\" src=\"https:\/\/arial.fiole.net\/wordpress\/wp-content\/uploads\/2025\/12\/IMG_0260-768x1024.jpg\" style=\"object-position:50% 50%\" data-object-fit=\"cover\" data-object-position=\"50% 50%\" srcset=\"https:\/\/arial.fiole.net\/wordpress\/wp-content\/uploads\/2025\/12\/IMG_0260-768x1024.jpg 768w, https:\/\/arial.fiole.net\/wordpress\/wp-content\/uploads\/2025\/12\/IMG_0260-225x300.jpg 225w, https:\/\/arial.fiole.net\/wordpress\/wp-content\/uploads\/2025\/12\/IMG_0260-1152x1536.jpg 1152w, https:\/\/arial.fiole.net\/wordpress\/wp-content\/uploads\/2025\/12\/IMG_0260.jpg 1536w\" sizes=\"auto, (max-width: 768px) 100vw, 768px\" \/><span aria-hidden=\"true\" class=\"wp-block-cover__background has-primary-hover-background-color has-background-dim\"><\/span><div class=\"wp-block-cover__inner-container is-layout-flow wp-block-cover-is-layout-flow\">\n<p class=\"has-text-align-center has-large-font-size\"><\/p>\n<\/div><\/div>\n\n\n\n<p>Pauline apporte au groupe une double comp\u00e9tence technique et cr\u00e9ative. D\u00e9veloppeuse web capable de concevoir des interfaces fonctionnelles, elle ma\u00eetrise \u00e9galement le design num\u00e9rique, ce qui lui permet de transformer une id\u00e9e en exp\u00e9rience utilisateur fluide et esth\u00e9tique. Sa vision centr\u00e9e sur l\u2019ergonomie et la coh\u00e9rence graphique garantit des supports modernes, intuitifs et professionnels.<\/p>\n\n\n\n<p><strong>Comp\u00e9tences :<\/strong><\/p>\n\n\n\n<ul class=\"wp-block-list\">\n<li>D\u00e9veloppeuse web<\/li>\n\n\n\n<li>UX\/UI Designer <\/li>\n\n\n\n<li>Graphiste<\/li>\n<\/ul>\n\n\n\n<div class=\"wp-block-buttons is-layout-flex wp-block-buttons-is-layout-flex\">\n<div class=\"wp-block-button\"><a class=\"wp-block-button__link wp-element-button\" href=\"https:\/\/arial.fiole.net\/wordpress\/page-equipe\/\">L&rsquo;\u00c9quipe au global<\/a><\/div>\n<\/div>\n\n\n\n<p><\/p>\n","protected":false},"excerpt":{"rendered":"<p>Pauline apporte au groupe une double comp\u00e9tence technique et cr\u00e9ative. D\u00e9veloppeuse web capable de concevoir des interfaces fonctionnelles, elle ma\u00eetrise \u00e9galement le design num\u00e9rique, ce qui lui permet de transformer une id\u00e9e en exp\u00e9rience utilisateur fluide et esth\u00e9tique. Sa vision centr\u00e9e sur l\u2019ergonomie et la coh\u00e9rence graphique garantit des supports modernes, intuitifs et professionnels. Comp\u00e9tences [&hellip;]<\/p>\n","protected":false},"author":1,"featured_media":0,"parent":12,"menu_order":0,"comment_status":"closed","ping_status":"closed","template":"","meta":{"footnotes":""},"class_list":["post-33","page","type-page","status-publish","hentry"],"yoast_head":"<!-- This site is optimized with the Yoast SEO plugin v26.7 - https:\/\/yoast.com\/wordpress\/plugins\/seo\/ -->\n<title>Pauline VAYRIOT - ArialParo<\/title>\n<meta name=\"robots\" content=\"noindex, follow, max-snippet:-1, max-image-preview:large, max-video-preview:-1\" \/>\n<meta property=\"og:locale\" content=\"fr_FR\" \/>\n<meta property=\"og:type\" content=\"article\" \/>\n<meta property=\"og:title\" content=\"Pauline VAYRIOT - ArialParo\" \/>\n<meta property=\"og:description\" content=\"Pauline apporte au groupe une double comp\u00e9tence technique et cr\u00e9ative. D\u00e9veloppeuse web capable de concevoir des interfaces fonctionnelles, elle ma\u00eetrise \u00e9galement le design num\u00e9rique, ce qui lui permet de transformer une id\u00e9e en exp\u00e9rience utilisateur fluide et esth\u00e9tique. Sa vision centr\u00e9e sur l\u2019ergonomie et la coh\u00e9rence graphique garantit des supports modernes, intuitifs et professionnels. Comp\u00e9tences [&hellip;]\" \/>\n<meta property=\"og:url\" content=\"https:\/\/arial.fiole.net\/wordpress\/page-equipe\/page-membre-4\/\" \/>\n<meta property=\"og:site_name\" content=\"ArialParo\" \/>\n<meta property=\"article:modified_time\" content=\"2026-01-09T14:55:33+00:00\" \/>\n<meta property=\"og:image\" content=\"https:\/\/arial.fiole.net\/wordpress\/wp-content\/uploads\/2025\/12\/IMG_0260.jpg\" \/>\n\t<meta property=\"og:image:width\" content=\"1536\" \/>\n\t<meta property=\"og:image:height\" content=\"2048\" \/>\n\t<meta property=\"og:image:type\" content=\"image\/jpeg\" \/>\n<meta name=\"twitter:card\" content=\"summary_large_image\" \/>\n<meta name=\"twitter:label1\" content=\"Dur\u00e9e de lecture estim\u00e9e\" \/>\n\t<meta name=\"twitter:data1\" content=\"1 minute\" \/>\n<script type=\"application\/ld+json\" class=\"yoast-schema-graph\">{\"@context\":\"https:\/\/schema.org\",\"@graph\":[{\"@type\":\"WebPage\",\"@id\":\"https:\/\/arial.fiole.net\/wordpress\/page-equipe\/page-membre-4\/\",\"url\":\"https:\/\/arial.fiole.net\/wordpress\/page-equipe\/page-membre-4\/\",\"name\":\"Pauline VAYRIOT - ArialParo\",\"isPartOf\":{\"@id\":\"https:\/\/arial.fiole.net\/wordpress\/#website\"},\"primaryImageOfPage\":{\"@id\":\"https:\/\/arial.fiole.net\/wordpress\/page-equipe\/page-membre-4\/#primaryimage\"},\"image\":{\"@id\":\"https:\/\/arial.fiole.net\/wordpress\/page-equipe\/page-membre-4\/#primaryimage\"},\"thumbnailUrl\":\"https:\/\/arial.fiole.net\/wordpress\/wp-content\/uploads\/2025\/12\/IMG_0260-768x1024.jpg\",\"datePublished\":\"2025-12-05T14:27:04+00:00\",\"dateModified\":\"2026-01-09T14:55:33+00:00\",\"breadcrumb\":{\"@id\":\"https:\/\/arial.fiole.net\/wordpress\/page-equipe\/page-membre-4\/#breadcrumb\"},\"inLanguage\":\"fr-FR\",\"potentialAction\":[{\"@type\":\"ReadAction\",\"target\":[\"https:\/\/arial.fiole.net\/wordpress\/page-equipe\/page-membre-4\/\"]}]},{\"@type\":\"ImageObject\",\"inLanguage\":\"fr-FR\",\"@id\":\"https:\/\/arial.fiole.net\/wordpress\/page-equipe\/page-membre-4\/#primaryimage\",\"url\":\"https:\/\/arial.fiole.net\/wordpress\/wp-content\/uploads\/2025\/12\/IMG_0260.jpg\",\"contentUrl\":\"https:\/\/arial.fiole.net\/wordpress\/wp-content\/uploads\/2025\/12\/IMG_0260.jpg\",\"width\":1536,\"height\":2048,\"caption\":\"Photo de Pauline Vayriot, d\u00e9veloppeuse web et de l'UX Design\"},{\"@type\":\"BreadcrumbList\",\"@id\":\"https:\/\/arial.fiole.net\/wordpress\/page-equipe\/page-membre-4\/#breadcrumb\",\"itemListElement\":[{\"@type\":\"ListItem\",\"position\":1,\"name\":\"Accueil\",\"item\":\"https:\/\/arial.fiole.net\/wordpress\/\"},{\"@type\":\"ListItem\",\"position\":2,\"name\":\"\u00c9quipe\",\"item\":\"https:\/\/arial.fiole.net\/wordpress\/page-equipe\/\"},{\"@type\":\"ListItem\",\"position\":3,\"name\":\"Pauline VAYRIOT\"}]},{\"@type\":\"WebSite\",\"@id\":\"https:\/\/arial.fiole.net\/wordpress\/#website\",\"url\":\"https:\/\/arial.fiole.net\/wordpress\/\",\"name\":\"ArialParo\",\"description\":\"\",\"potentialAction\":[{\"@type\":\"SearchAction\",\"target\":{\"@type\":\"EntryPoint\",\"urlTemplate\":\"https:\/\/arial.fiole.net\/wordpress\/?s={search_term_string}\"},\"query-input\":{\"@type\":\"PropertyValueSpecification\",\"valueRequired\":true,\"valueName\":\"search_term_string\"}}],\"inLanguage\":\"fr-FR\"}]}<\/script>\n<!-- \/ Yoast SEO plugin. -->","yoast_head_json":{"title":"Pauline VAYRIOT - ArialParo","robots":{"index":"noindex","follow":"follow","max-snippet":"max-snippet:-1","max-image-preview":"max-image-preview:large","max-video-preview":"max-video-preview:-1"},"og_locale":"fr_FR","og_type":"article","og_title":"Pauline VAYRIOT - ArialParo","og_description":"Pauline apporte au groupe une double comp\u00e9tence technique et cr\u00e9ative. D\u00e9veloppeuse web capable de concevoir des interfaces fonctionnelles, elle ma\u00eetrise \u00e9galement le design num\u00e9rique, ce qui lui permet de transformer une id\u00e9e en exp\u00e9rience utilisateur fluide et esth\u00e9tique. Sa vision centr\u00e9e sur l\u2019ergonomie et la coh\u00e9rence graphique garantit des supports modernes, intuitifs et professionnels. Comp\u00e9tences [&hellip;]","og_url":"https:\/\/arial.fiole.net\/wordpress\/page-equipe\/page-membre-4\/","og_site_name":"ArialParo","article_modified_time":"2026-01-09T14:55:33+00:00","og_image":[{"width":1536,"height":2048,"url":"https:\/\/arial.fiole.net\/wordpress\/wp-content\/uploads\/2025\/12\/IMG_0260.jpg","type":"image\/jpeg"}],"twitter_card":"summary_large_image","twitter_misc":{"Dur\u00e9e de lecture estim\u00e9e":"1 minute"},"schema":{"@context":"https:\/\/schema.org","@graph":[{"@type":"WebPage","@id":"https:\/\/arial.fiole.net\/wordpress\/page-equipe\/page-membre-4\/","url":"https:\/\/arial.fiole.net\/wordpress\/page-equipe\/page-membre-4\/","name":"Pauline VAYRIOT - ArialParo","isPartOf":{"@id":"https:\/\/arial.fiole.net\/wordpress\/#website"},"primaryImageOfPage":{"@id":"https:\/\/arial.fiole.net\/wordpress\/page-equipe\/page-membre-4\/#primaryimage"},"image":{"@id":"https:\/\/arial.fiole.net\/wordpress\/page-equipe\/page-membre-4\/#primaryimage"},"thumbnailUrl":"https:\/\/arial.fiole.net\/wordpress\/wp-content\/uploads\/2025\/12\/IMG_0260-768x1024.jpg","datePublished":"2025-12-05T14:27:04+00:00","dateModified":"2026-01-09T14:55:33+00:00","breadcrumb":{"@id":"https:\/\/arial.fiole.net\/wordpress\/page-equipe\/page-membre-4\/#breadcrumb"},"inLanguage":"fr-FR","potentialAction":[{"@type":"ReadAction","target":["https:\/\/arial.fiole.net\/wordpress\/page-equipe\/page-membre-4\/"]}]},{"@type":"ImageObject","inLanguage":"fr-FR","@id":"https:\/\/arial.fiole.net\/wordpress\/page-equipe\/page-membre-4\/#primaryimage","url":"https:\/\/arial.fiole.net\/wordpress\/wp-content\/uploads\/2025\/12\/IMG_0260.jpg","contentUrl":"https:\/\/arial.fiole.net\/wordpress\/wp-content\/uploads\/2025\/12\/IMG_0260.jpg","width":1536,"height":2048,"caption":"Photo de Pauline Vayriot, d\u00e9veloppeuse web et de l'UX Design"},{"@type":"BreadcrumbList","@id":"https:\/\/arial.fiole.net\/wordpress\/page-equipe\/page-membre-4\/#breadcrumb","itemListElement":[{"@type":"ListItem","position":1,"name":"Accueil","item":"https:\/\/arial.fiole.net\/wordpress\/"},{"@type":"ListItem","position":2,"name":"\u00c9quipe","item":"https:\/\/arial.fiole.net\/wordpress\/page-equipe\/"},{"@type":"ListItem","position":3,"name":"Pauline VAYRIOT"}]},{"@type":"WebSite","@id":"https:\/\/arial.fiole.net\/wordpress\/#website","url":"https:\/\/arial.fiole.net\/wordpress\/","name":"ArialParo","description":"","potentialAction":[{"@type":"SearchAction","target":{"@type":"EntryPoint","urlTemplate":"https:\/\/arial.fiole.net\/wordpress\/?s={search_term_string}"},"query-input":{"@type":"PropertyValueSpecification","valueRequired":true,"valueName":"search_term_string"}}],"inLanguage":"fr-FR"}]}},"_links":{"self":[{"href":"https:\/\/arial.fiole.net\/wordpress\/wp-json\/wp\/v2\/pages\/33","targetHints":{"allow":["GET"]}}],"collection":[{"href":"https:\/\/arial.fiole.net\/wordpress\/wp-json\/wp\/v2\/pages"}],"about":[{"href":"https:\/\/arial.fiole.net\/wordpress\/wp-json\/wp\/v2\/types\/page"}],"author":[{"embeddable":true,"href":"https:\/\/arial.fiole.net\/wordpress\/wp-json\/wp\/v2\/users\/1"}],"replies":[{"embeddable":true,"href":"https:\/\/arial.fiole.net\/wordpress\/wp-json\/wp\/v2\/comments?post=33"}],"version-history":[{"count":7,"href":"https:\/\/arial.fiole.net\/wordpress\/wp-json\/wp\/v2\/pages\/33\/revisions"}],"predecessor-version":[{"id":191,"href":"https:\/\/arial.fiole.net\/wordpress\/wp-json\/wp\/v2\/pages\/33\/revisions\/191"}],"up":[{"embeddable":true,"href":"https:\/\/arial.fiole.net\/wordpress\/wp-json\/wp\/v2\/pages\/12"}],"wp:attachment":[{"href":"https:\/\/arial.fiole.net\/wordpress\/wp-json\/wp\/v2\/media?parent=33"}],"curies":[{"name":"wp","href":"https:\/\/api.w.org\/{rel}","templated":true}]}}