{"id":13,"date":"2025-12-05T15:26:23","date_gmt":"2025-12-05T14:26:23","guid":{"rendered":"https:\/\/arial.fiole.net\/wordpress\/?page_id=13"},"modified":"2026-01-09T15:32:48","modified_gmt":"2026-01-09T14:32:48","slug":"page-contact","status":"publish","type":"page","link":"https:\/\/arial.fiole.net\/wordpress\/page-contact\/","title":{"rendered":"Contact"},"content":{"rendered":"\n<p>Vous souhaitez donner une nouvelle dimension \u00e0 votre pr\u00e9sence en ligne ou obtenir des informations sur nos services ? Notre <strong>Agence web<\/strong> bas\u00e9e dans la banlieue de <strong>Lyon<\/strong> est \u00e0 votre \u00e9coute pour vous accompagner dans tous vos projets digitaux. Que vous soyez une entreprise, un entrepreneur ou une association, nous mettons notre expertise au service de votre r\u00e9ussite en ligne.<\/p>\n\n\n\n<p>Sp\u00e9cialis\u00e9s dans la <strong>cr\u00e9ation de site<\/strong> internet sur mesure, nous concevons des plateformes modernes, performantes et adapt\u00e9es \u00e0 vos objectifs. Chaque projet est pens\u00e9 pour offrir une exp\u00e9rience utilisateur optimale, tout en respectant les bonnes pratiques en mati\u00e8re d\u2019<strong>accessibilit\u00e9<\/strong>, afin de rendre votre site utilisable par tous.<\/p>\n\n\n\n<p>Nous accordons \u00e9galement une importance particuli\u00e8re au <strong>r\u00e9f\u00e9rencement<\/strong>, indispensable pour am\u00e9liorer votre visibilit\u00e9 sur les moteurs de recherche. Gr\u00e2ce \u00e0 une strat\u00e9gie SEO adapt\u00e9e, nous vous aidons \u00e0 attirer un trafic qualifi\u00e9 et \u00e0 d\u00e9velopper durablement votre activit\u00e9.<\/p>\n\n\n\n<p>N\u2019h\u00e9sitez pas \u00e0 nous contacter via le formulaire ci-dessous pour discuter de votre projet, demander un devis ou obtenir des conseils personnalis\u00e9s. Notre \u00e9quipe se fera un plaisir de vous r\u00e9pondre dans les plus brefs d\u00e9lais et de vous proposer des solutions digitales efficaces, innovantes et adapt\u00e9es \u00e0 vos besoins.<\/p>\n\n\n<style id=\"wpforms-css-vars-119-block-67c7788f-385a-4d6e-9845-cfc928c7dcf3\">\n\t\t\t\t#wpforms-119.wpforms-block-67c7788f-385a-4d6e-9845-cfc928c7dcf3 {\n\t\t\t\t--wpforms-field-size-input-height: 43px;\n--wpforms-field-size-input-spacing: 15px;\n--wpforms-field-size-font-size: 16px;\n--wpforms-field-size-line-height: 19px;\n--wpforms-field-size-padding-h: 14px;\n--wpforms-field-size-checkbox-size: 16px;\n--wpforms-field-size-sublabel-spacing: 5px;\n--wpforms-field-size-icon-size: 1;\n--wpforms-label-size-font-size: 16px;\n--wpforms-label-size-line-height: 19px;\n--wpforms-label-size-sublabel-font-size: 14px;\n--wpforms-label-size-sublabel-line-height: 17px;\n--wpforms-button-size-font-size: 17px;\n--wpforms-button-size-height: 41px;\n--wpforms-button-size-padding-h: 15px;\n--wpforms-button-size-margin-top: 10px;\n\t\t\t}\n\t\t\t<\/style><div class=\"wpforms-container wpforms-container-full wpforms-block wpforms-block-67c7788f-385a-4d6e-9845-cfc928c7dcf3 wpforms-render-modern\" id=\"wpforms-119\"><form id=\"wpforms-form-119\" class=\"wpforms-validate wpforms-form wpforms-ajax-form\" data-formid=\"119\" method=\"post\" enctype=\"multipart\/form-data\" action=\"\/wordpress\/wp-json\/wp\/v2\/pages\/13\" data-token=\"1508f1dab7eed3bd509ba718586f3ccd\" data-token-time=\"1776423367\"><noscript class=\"wpforms-error-noscript\">Veuillez activer JavaScript dans votre navigateur pour remplir ce formulaire.<\/noscript><div id=\"wpforms-error-noscript\" style=\"display: none;\">Veuillez activer JavaScript dans votre navigateur pour remplir ce formulaire.<\/div><div class=\"wpforms-field-container\"><div id=\"wpforms-119-field_1-container\" class=\"wpforms-field wpforms-field-name\" data-field-id=\"1\"><fieldset><legend class=\"wpforms-field-label\">Nom <span class=\"wpforms-required-label\" aria-hidden=\"true\">*<\/span><\/legend><div class=\"wpforms-field-row wpforms-field-medium\"><div class=\"wpforms-field-row-block wpforms-first wpforms-one-half\"><input type=\"text\" id=\"wpforms-119-field_1\" class=\"wpforms-field-name-first wpforms-field-required\" name=\"wpforms[fields][1][first]\" aria-errormessage=\"wpforms-119-field_1-error\" required><label for=\"wpforms-119-field_1\" class=\"wpforms-field-sublabel after\">Pr\u00e9nom<\/label><\/div><div class=\"wpforms-field-row-block wpforms-one-half\"><input type=\"text\" id=\"wpforms-119-field_1-last\" class=\"wpforms-field-name-last wpforms-field-required\" name=\"wpforms[fields][1][last]\" aria-errormessage=\"wpforms-119-field_1-last-error\" required><label for=\"wpforms-119-field_1-last\" class=\"wpforms-field-sublabel after\">Nom<\/label><\/div><\/div><\/fieldset><\/div>\t\t<div id=\"wpforms-119-field_4-container\"\n\t\t\tclass=\"wpforms-field wpforms-field-text\"\n\t\t\tdata-field-type=\"text\"\n\t\t\tdata-field-id=\"4\"\n\t\t\t>\n\t\t\t<label class=\"wpforms-field-label\" for=\"wpforms-119-field_4\" >E-mail Nom ou<\/label>\n\t\t\t<input type=\"text\" id=\"wpforms-119-field_4\" class=\"wpforms-field-medium\" name=\"wpforms[fields][4]\" >\n\t\t<\/div>\n\t\t<div id=\"wpforms-119-field_2-container\" class=\"wpforms-field wpforms-field-email\" data-field-id=\"2\"><label class=\"wpforms-field-label\" for=\"wpforms-119-field_2\">E-mail <span class=\"wpforms-required-label\" aria-hidden=\"true\">*<\/span><\/label><input type=\"email\" id=\"wpforms-119-field_2\" class=\"wpforms-field-medium wpforms-field-required\" name=\"wpforms[fields][2]\" spellcheck=\"false\" aria-errormessage=\"wpforms-119-field_2-error\" required><\/div><div id=\"wpforms-119-field_3-container\" class=\"wpforms-field wpforms-field-textarea\" data-field-id=\"3\"><label class=\"wpforms-field-label\" for=\"wpforms-119-field_3\">Commentaire ou message<\/label><textarea id=\"wpforms-119-field_3\" class=\"wpforms-field-medium\" name=\"wpforms[fields][3]\" aria-errormessage=\"wpforms-119-field_3-error\" ><\/textarea><\/div><script>\n\t\t\t\t( function() {\n\t\t\t\t\tconst style = document.createElement( 'style' );\n\t\t\t\t\tstyle.appendChild( document.createTextNode( '#wpforms-119-field_4-container { position: absolute !important; overflow: hidden !important; display: inline !important; height: 1px !important; width: 1px !important; z-index: -1000 !important; padding: 0 !important; } #wpforms-119-field_4-container input { visibility: hidden; } #wpforms-conversational-form-page #wpforms-119-field_4-container label { counter-increment: none; }' ) );\n\t\t\t\t\tdocument.head.appendChild( style );\n\t\t\t\t\tdocument.currentScript?.remove();\n\t\t\t\t} )();\n\t\t\t<\/script><\/div><!-- .wpforms-field-container --><div class=\"wpforms-submit-container\" ><input type=\"hidden\" name=\"wpforms[id]\" value=\"119\"><input type=\"hidden\" name=\"page_title\" value=\"\"><input type=\"hidden\" name=\"page_url\" value=\"https:\/\/arial.fiole.net\/wordpress\/wp-json\/wp\/v2\/pages\/13\"><input type=\"hidden\" name=\"url_referer\" value=\"\"><button type=\"submit\" name=\"wpforms[submit]\" id=\"wpforms-submit-119\" class=\"wpforms-submit\" data-alt-text=\"Envoi...\" data-submit-text=\"Envoyer\" aria-live=\"assertive\" value=\"wpforms-submit\">Envoyer<\/button><img loading=\"lazy\" decoding=\"async\" src=\"https:\/\/arial.fiole.net\/wordpress\/wp-content\/plugins\/wpforms-lite\/assets\/images\/submit-spin.svg\" class=\"wpforms-submit-spinner\" style=\"display: none;\" width=\"26\" height=\"26\" alt=\"Chargement en cours\"><\/div><\/form><\/div>  <!-- .wpforms-container -->\n\n\n<div class=\"wp-block-group alignfull has-global-padding is-layout-constrained wp-block-group-is-layout-constrained\" style=\"margin-top:0;margin-bottom:0;padding-top:var(--wp--preset--spacing--50);padding-bottom:var(--wp--preset--spacing--50)\">\n<div class=\"wp-block-group alignwide has-global-padding is-layout-constrained wp-block-group-is-layout-constrained\">\n<div class=\"wp-block-group alignwide is-vertical is-layout-flex wp-container-core-group-is-layout-3b39fef0 wp-block-group-is-layout-flex\" style=\"border-top-color:var(--wp--preset--color--accent-4);border-top-width:1px;margin-top:var(--wp--preset--spacing--50);padding-top:var(--wp--preset--spacing--60);padding-bottom:var(--wp--preset--spacing--60)\">\n<div class=\"wp-block-buttons is-layout-flex wp-block-buttons-is-layout-flex\">\n<div class=\"wp-block-button\"><a class=\"wp-block-button__link wp-element-button\" href=\"http:\/\/www.instagram.com\/romain_trllt\/\">Nous contacter<\/a><\/div>\n<\/div>\n\n\n\n<div class=\"wp-block-group wp-container-content-da09a7bf is-vertical is-layout-flex wp-container-core-group-is-layout-fe9cc265 wp-block-group-is-layout-flex\">\n<h3 class=\"wp-block-heading has-medium-font-size\" style=\"font-style:normal;font-weight:700\">E-mail<\/h3>\n\n\n\n<p class=\"has-medium-font-size\">Arialparo@gmail.com<\/p>\n<\/div>\n\n\n\n<div class=\"wp-block-group wp-container-content-69bc4bdf is-layout-grid wp-container-core-group-is-layout-29271053 wp-block-group-is-layout-grid\">\n<div class=\"wp-block-group wp-container-content-b4c5012d has-global-padding is-layout-constrained wp-block-group-is-layout-constrained\">\n<h3 class=\"wp-block-heading has-medium-font-size\" style=\"font-style:normal;font-weight:700\">Villeurbanne<\/h3>\n\n\n\n<p class=\"has-medium-font-size\">1 Rue de la Technologie, 69100<\/p>\n<\/div>\n<\/div>\n<\/div>\n<\/div>\n<\/div>\n\n\n\n<p><\/p>\n","protected":false},"excerpt":{"rendered":"<p>Vous souhaitez donner une nouvelle dimension \u00e0 votre pr\u00e9sence en ligne ou obtenir des informations sur nos services ? Notre Agence web bas\u00e9e dans la banlieue de Lyon est \u00e0 votre \u00e9coute pour vous accompagner dans tous vos projets digitaux. Que vous soyez une entreprise, un entrepreneur ou une association, nous mettons notre expertise au [&hellip;]<\/p>\n","protected":false},"author":1,"featured_media":0,"parent":0,"menu_order":0,"comment_status":"closed","ping_status":"closed","template":"","meta":{"footnotes":""},"class_list":["post-13","page","type-page","status-publish","hentry"],"yoast_head":"<!-- This site is optimized with the Yoast SEO plugin v26.7 - https:\/\/yoast.com\/wordpress\/plugins\/seo\/ -->\n<title>Contact - ArialParo<\/title>\n<meta name=\"robots\" content=\"noindex, follow, max-snippet:-1, max-image-preview:large, max-video-preview:-1\" \/>\n<meta property=\"og:locale\" content=\"fr_FR\" \/>\n<meta property=\"og:type\" content=\"article\" \/>\n<meta property=\"og:title\" content=\"Contact - ArialParo\" \/>\n<meta property=\"og:description\" content=\"Vous souhaitez donner une nouvelle dimension \u00e0 votre pr\u00e9sence en ligne ou obtenir des informations sur nos services ? Notre Agence web bas\u00e9e dans la banlieue de Lyon est \u00e0 votre \u00e9coute pour vous accompagner dans tous vos projets digitaux. Que vous soyez une entreprise, un entrepreneur ou une association, nous mettons notre expertise au [&hellip;]\" \/>\n<meta property=\"og:url\" content=\"https:\/\/arial.fiole.net\/wordpress\/page-contact\/\" \/>\n<meta property=\"og:site_name\" content=\"ArialParo\" \/>\n<meta property=\"article:modified_time\" content=\"2026-01-09T14:32:48+00:00\" \/>\n<meta name=\"twitter:card\" content=\"summary_large_image\" \/>\n<meta name=\"twitter:label1\" content=\"Dur\u00e9e de lecture estim\u00e9e\" \/>\n\t<meta name=\"twitter:data1\" content=\"1 minute\" \/>\n<script type=\"application\/ld+json\" class=\"yoast-schema-graph\">{\"@context\":\"https:\/\/schema.org\",\"@graph\":[{\"@type\":\"WebPage\",\"@id\":\"https:\/\/arial.fiole.net\/wordpress\/page-contact\/\",\"url\":\"https:\/\/arial.fiole.net\/wordpress\/page-contact\/\",\"name\":\"Contact - ArialParo\",\"isPartOf\":{\"@id\":\"https:\/\/arial.fiole.net\/wordpress\/#website\"},\"datePublished\":\"2025-12-05T14:26:23+00:00\",\"dateModified\":\"2026-01-09T14:32:48+00:00\",\"breadcrumb\":{\"@id\":\"https:\/\/arial.fiole.net\/wordpress\/page-contact\/#breadcrumb\"},\"inLanguage\":\"fr-FR\",\"potentialAction\":[{\"@type\":\"ReadAction\",\"target\":[\"https:\/\/arial.fiole.net\/wordpress\/page-contact\/\"]}]},{\"@type\":\"BreadcrumbList\",\"@id\":\"https:\/\/arial.fiole.net\/wordpress\/page-contact\/#breadcrumb\",\"itemListElement\":[{\"@type\":\"ListItem\",\"position\":1,\"name\":\"Accueil\",\"item\":\"https:\/\/arial.fiole.net\/wordpress\/\"},{\"@type\":\"ListItem\",\"position\":2,\"name\":\"Contact\"}]},{\"@type\":\"WebSite\",\"@id\":\"https:\/\/arial.fiole.net\/wordpress\/#website\",\"url\":\"https:\/\/arial.fiole.net\/wordpress\/\",\"name\":\"ArialParo\",\"description\":\"\",\"potentialAction\":[{\"@type\":\"SearchAction\",\"target\":{\"@type\":\"EntryPoint\",\"urlTemplate\":\"https:\/\/arial.fiole.net\/wordpress\/?s={search_term_string}\"},\"query-input\":{\"@type\":\"PropertyValueSpecification\",\"valueRequired\":true,\"valueName\":\"search_term_string\"}}],\"inLanguage\":\"fr-FR\"}]}<\/script>\n<!-- \/ Yoast SEO plugin. -->","yoast_head_json":{"title":"Contact - ArialParo","robots":{"index":"noindex","follow":"follow","max-snippet":"max-snippet:-1","max-image-preview":"max-image-preview:large","max-video-preview":"max-video-preview:-1"},"og_locale":"fr_FR","og_type":"article","og_title":"Contact - ArialParo","og_description":"Vous souhaitez donner une nouvelle dimension \u00e0 votre pr\u00e9sence en ligne ou obtenir des informations sur nos services ? Notre Agence web bas\u00e9e dans la banlieue de Lyon est \u00e0 votre \u00e9coute pour vous accompagner dans tous vos projets digitaux. Que vous soyez une entreprise, un entrepreneur ou une association, nous mettons notre expertise au [&hellip;]","og_url":"https:\/\/arial.fiole.net\/wordpress\/page-contact\/","og_site_name":"ArialParo","article_modified_time":"2026-01-09T14:32:48+00:00","twitter_card":"summary_large_image","twitter_misc":{"Dur\u00e9e de lecture estim\u00e9e":"1 minute"},"schema":{"@context":"https:\/\/schema.org","@graph":[{"@type":"WebPage","@id":"https:\/\/arial.fiole.net\/wordpress\/page-contact\/","url":"https:\/\/arial.fiole.net\/wordpress\/page-contact\/","name":"Contact - ArialParo","isPartOf":{"@id":"https:\/\/arial.fiole.net\/wordpress\/#website"},"datePublished":"2025-12-05T14:26:23+00:00","dateModified":"2026-01-09T14:32:48+00:00","breadcrumb":{"@id":"https:\/\/arial.fiole.net\/wordpress\/page-contact\/#breadcrumb"},"inLanguage":"fr-FR","potentialAction":[{"@type":"ReadAction","target":["https:\/\/arial.fiole.net\/wordpress\/page-contact\/"]}]},{"@type":"BreadcrumbList","@id":"https:\/\/arial.fiole.net\/wordpress\/page-contact\/#breadcrumb","itemListElement":[{"@type":"ListItem","position":1,"name":"Accueil","item":"https:\/\/arial.fiole.net\/wordpress\/"},{"@type":"ListItem","position":2,"name":"Contact"}]},{"@type":"WebSite","@id":"https:\/\/arial.fiole.net\/wordpress\/#website","url":"https:\/\/arial.fiole.net\/wordpress\/","name":"ArialParo","description":"","potentialAction":[{"@type":"SearchAction","target":{"@type":"EntryPoint","urlTemplate":"https:\/\/arial.fiole.net\/wordpress\/?s={search_term_string}"},"query-input":{"@type":"PropertyValueSpecification","valueRequired":true,"valueName":"search_term_string"}}],"inLanguage":"fr-FR"}]}},"_links":{"self":[{"href":"https:\/\/arial.fiole.net\/wordpress\/wp-json\/wp\/v2\/pages\/13","targetHints":{"allow":["GET"]}}],"collection":[{"href":"https:\/\/arial.fiole.net\/wordpress\/wp-json\/wp\/v2\/pages"}],"about":[{"href":"https:\/\/arial.fiole.net\/wordpress\/wp-json\/wp\/v2\/types\/page"}],"author":[{"embeddable":true,"href":"https:\/\/arial.fiole.net\/wordpress\/wp-json\/wp\/v2\/users\/1"}],"replies":[{"embeddable":true,"href":"https:\/\/arial.fiole.net\/wordpress\/wp-json\/wp\/v2\/comments?post=13"}],"version-history":[{"count":9,"href":"https:\/\/arial.fiole.net\/wordpress\/wp-json\/wp\/v2\/pages\/13\/revisions"}],"predecessor-version":[{"id":184,"href":"https:\/\/arial.fiole.net\/wordpress\/wp-json\/wp\/v2\/pages\/13\/revisions\/184"}],"wp:attachment":[{"href":"https:\/\/arial.fiole.net\/wordpress\/wp-json\/wp\/v2\/media?parent=13"}],"curies":[{"name":"wp","href":"https:\/\/api.w.org\/{rel}","templated":true}]}}