{"id":12,"date":"2025-12-05T15:26:30","date_gmt":"2025-12-05T14:26:30","guid":{"rendered":"https:\/\/arial.fiole.net\/wordpress\/?page_id=12"},"modified":"2026-01-09T15:20:15","modified_gmt":"2026-01-09T14:20:15","slug":"page-equipe","status":"publish","type":"page","link":"https:\/\/arial.fiole.net\/wordpress\/page-equipe\/","title":{"rendered":"\u00c9quipe"},"content":{"rendered":"\n<p class=\"has-medium-font-size\">Bienvenue sur la page d\u00e9di\u00e9e \u00e0 notre \u00e9quipe !<br>Nous sommes un groupe aux comp\u00e9tences compl\u00e9mentaires, r\u00e9uni autour d\u2019un projet commun : cr\u00e9er un site WordPress \u00e0 la fois clair, moderne et efficace. Chacun apporte son savoir-faire, ses id\u00e9es et son \u00e9nergie pour faire avancer le projet et proposer un r\u00e9sultat \u00e0 la hauteur de nos ambitions.<br>D\u00e9couvrez ci-dessous les membres de l\u2019\u00e9quipe et leur r\u00f4le au sein du projet.<\/p>\n\n\n\n<p><\/p>\n\n\n\n<p><\/p>\n\n\n\n<div class=\"wp-block-columns are-vertically-aligned-center is-layout-flex wp-container-core-columns-is-layout-28f84493 wp-block-columns-is-layout-flex\">\n<div class=\"wp-block-column is-vertically-aligned-center is-layout-flow wp-block-column-is-layout-flow\">\n<figure class=\"wp-block-image size-large\"><img loading=\"lazy\" decoding=\"async\" width=\"2560\" height=\"2560\" src=\"https:\/\/arial.fiole.net\/wordpress\/wp-content\/uploads\/2026\/01\/IMG_6835-edited-scaled.jpg\" alt=\"Photo de Marine Georget, Community Manager de l'agence web\" class=\"wp-image-140\" srcset=\"https:\/\/arial.fiole.net\/wordpress\/wp-content\/uploads\/2026\/01\/IMG_6835-edited-scaled.jpg 2560w, https:\/\/arial.fiole.net\/wordpress\/wp-content\/uploads\/2026\/01\/IMG_6835-edited-300x300.jpg 300w, https:\/\/arial.fiole.net\/wordpress\/wp-content\/uploads\/2026\/01\/IMG_6835-edited-1024x1024.jpg 1024w, https:\/\/arial.fiole.net\/wordpress\/wp-content\/uploads\/2026\/01\/IMG_6835-edited-150x150.jpg 150w, https:\/\/arial.fiole.net\/wordpress\/wp-content\/uploads\/2026\/01\/IMG_6835-edited-768x768.jpg 768w, https:\/\/arial.fiole.net\/wordpress\/wp-content\/uploads\/2026\/01\/IMG_6835-edited-1536x1536.jpg 1536w, https:\/\/arial.fiole.net\/wordpress\/wp-content\/uploads\/2026\/01\/IMG_6835-edited-2048x2048.jpg 2048w\" sizes=\"auto, (max-width: 2560px) 100vw, 2560px\" \/><\/figure>\n<\/div>\n\n\n\n<div class=\"wp-block-column is-vertically-aligned-center is-layout-flow wp-block-column-is-layout-flow\">\n<p class=\"has-text-align-center\"><strong>Marine GEORGET<\/strong><\/p>\n\n\n\n<p class=\"has-text-align-center\">Community Manager &amp; Directrice de la Communication <\/p>\n\n\n\n<div class=\"wp-block-buttons is-content-justification-center is-layout-flex wp-container-core-buttons-is-layout-a89b3969 wp-block-buttons-is-layout-flex\">\n<div class=\"wp-block-button\"><a class=\"wp-block-button__link has-text-align-center wp-element-button\" href=\"https:\/\/arial.fiole.net\/wordpress\/page-equipe\/page-membre-2\/\">En savoir plus <\/a><\/div>\n<\/div>\n<\/div>\n<\/div>\n\n\n\n<div class=\"wp-block-columns is-layout-flex wp-container-core-columns-is-layout-28f84493 wp-block-columns-is-layout-flex\">\n<div class=\"wp-block-column is-vertically-aligned-center is-layout-flow wp-block-column-is-layout-flow\">\n<p class=\"has-text-align-center\"><strong>Alice EYNARD <\/strong><\/p>\n\n\n\n<p class=\"has-text-align-center\">Cheffe de projet, Directrice artistique et Marketeuse<\/p>\n\n\n\n<div class=\"wp-block-buttons is-content-justification-center is-layout-flex wp-container-core-buttons-is-layout-a89b3969 wp-block-buttons-is-layout-flex\">\n<div class=\"wp-block-button\"><a class=\"wp-block-button__link wp-element-button\" href=\"https:\/\/arial.fiole.net\/wordpress\/page-equipe\/page-membre\/\">En savoir plus<\/a><\/div>\n<\/div>\n<\/div>\n\n\n\n<div class=\"wp-block-column is-layout-flow wp-block-column-is-layout-flow\">\n<figure class=\"wp-block-image size-large\"><img loading=\"lazy\" decoding=\"async\" width=\"836\" height=\"836\" src=\"https:\/\/arial.fiole.net\/wordpress\/wp-content\/uploads\/2026\/01\/IMG_2368-3-edited.jpg\" alt=\"Photo d'Alice Eynard, cheffe de projet de l'agence web\" class=\"wp-image-155\" srcset=\"https:\/\/arial.fiole.net\/wordpress\/wp-content\/uploads\/2026\/01\/IMG_2368-3-edited.jpg 836w, https:\/\/arial.fiole.net\/wordpress\/wp-content\/uploads\/2026\/01\/IMG_2368-3-edited-300x300.jpg 300w, https:\/\/arial.fiole.net\/wordpress\/wp-content\/uploads\/2026\/01\/IMG_2368-3-edited-150x150.jpg 150w, https:\/\/arial.fiole.net\/wordpress\/wp-content\/uploads\/2026\/01\/IMG_2368-3-edited-768x768.jpg 768w\" sizes=\"auto, (max-width: 836px) 100vw, 836px\" \/><\/figure>\n<\/div>\n<\/div>\n\n\n\n<div class=\"wp-block-columns is-layout-flex wp-container-core-columns-is-layout-28f84493 wp-block-columns-is-layout-flex\">\n<div class=\"wp-block-column is-layout-flow wp-block-column-is-layout-flow\">\n<figure class=\"wp-block-image size-large\"><img loading=\"lazy\" decoding=\"async\" width=\"1536\" height=\"1536\" src=\"https:\/\/arial.fiole.net\/wordpress\/wp-content\/uploads\/2026\/01\/IMG_0260-edited.jpg\" alt=\"Photo de Pauline Vayriot, d\u00e9veloppeuse web et de l'UX Design\" class=\"wp-image-168\" srcset=\"https:\/\/arial.fiole.net\/wordpress\/wp-content\/uploads\/2026\/01\/IMG_0260-edited.jpg 1536w, https:\/\/arial.fiole.net\/wordpress\/wp-content\/uploads\/2026\/01\/IMG_0260-edited-300x300.jpg 300w, https:\/\/arial.fiole.net\/wordpress\/wp-content\/uploads\/2026\/01\/IMG_0260-edited-1024x1024.jpg 1024w, https:\/\/arial.fiole.net\/wordpress\/wp-content\/uploads\/2026\/01\/IMG_0260-edited-150x150.jpg 150w, https:\/\/arial.fiole.net\/wordpress\/wp-content\/uploads\/2026\/01\/IMG_0260-edited-768x768.jpg 768w\" sizes=\"auto, (max-width: 1536px) 100vw, 1536px\" \/><\/figure>\n<\/div>\n\n\n\n<div class=\"wp-block-column is-vertically-aligned-center is-layout-flow wp-block-column-is-layout-flow\">\n<p class=\"has-text-align-center\"><strong>Pauline VAYRIOT<\/strong><\/p>\n\n\n\n<p class=\"has-text-align-center\">D\u00e9veloppeuse Web, UX\/UI Designer et Graphiste<\/p>\n\n\n\n<div class=\"wp-block-buttons is-content-justification-center is-layout-flex wp-container-core-buttons-is-layout-a89b3969 wp-block-buttons-is-layout-flex\">\n<div class=\"wp-block-button\"><a class=\"wp-block-button__link wp-element-button\" href=\"https:\/\/arial.fiole.net\/wordpress\/page-equipe\/page-membre-4\/\">En savoir plus <\/a><\/div>\n<\/div>\n<\/div>\n<\/div>\n\n\n\n<div class=\"wp-block-columns is-layout-flex wp-container-core-columns-is-layout-28f84493 wp-block-columns-is-layout-flex\">\n<div class=\"wp-block-column is-vertically-aligned-center is-layout-flow wp-block-column-is-layout-flow\">\n<p class=\"has-text-align-center\"><strong>Romain TROUILLET<\/strong><\/p>\n\n\n\n<p class=\"has-text-align-center\">R\u00e9dacteur, Charg\u00e9 de communication et responsable d&rsquo;acquisition<\/p>\n\n\n\n<div class=\"wp-block-buttons is-content-justification-center is-layout-flex wp-container-core-buttons-is-layout-a89b3969 wp-block-buttons-is-layout-flex\">\n<div class=\"wp-block-button\"><a class=\"wp-block-button__link wp-element-button\" href=\"https:\/\/arial.fiole.net\/wordpress\/page-equipe\/page-membre-3\/\">En savoir plus<\/a><\/div>\n<\/div>\n<\/div>\n\n\n\n<div class=\"wp-block-column is-layout-flow wp-block-column-is-layout-flow\">\n<figure class=\"wp-block-image size-large\"><img loading=\"lazy\" decoding=\"async\" width=\"1242\" height=\"1242\" src=\"https:\/\/arial.fiole.net\/wordpress\/wp-content\/uploads\/2026\/01\/IMG_0615-edited.jpg\" alt=\"Photo de Romain Trouillet, int\u00e9grateur web de l'agence\" class=\"wp-image-170\" srcset=\"https:\/\/arial.fiole.net\/wordpress\/wp-content\/uploads\/2026\/01\/IMG_0615-edited.jpg 1242w, https:\/\/arial.fiole.net\/wordpress\/wp-content\/uploads\/2026\/01\/IMG_0615-edited-300x300.jpg 300w, https:\/\/arial.fiole.net\/wordpress\/wp-content\/uploads\/2026\/01\/IMG_0615-edited-1024x1024.jpg 1024w, https:\/\/arial.fiole.net\/wordpress\/wp-content\/uploads\/2026\/01\/IMG_0615-edited-150x150.jpg 150w, https:\/\/arial.fiole.net\/wordpress\/wp-content\/uploads\/2026\/01\/IMG_0615-edited-768x768.jpg 768w\" sizes=\"auto, (max-width: 1242px) 100vw, 1242px\" \/><\/figure>\n<\/div>\n<\/div>\n","protected":false},"excerpt":{"rendered":"<p>Bienvenue sur la page d\u00e9di\u00e9e \u00e0 notre \u00e9quipe !Nous sommes un groupe aux comp\u00e9tences compl\u00e9mentaires, r\u00e9uni autour d\u2019un projet commun : cr\u00e9er un site WordPress \u00e0 la fois clair, moderne et efficace. Chacun apporte son savoir-faire, ses id\u00e9es et son \u00e9nergie pour faire avancer le projet et proposer un r\u00e9sultat \u00e0 la hauteur de nos [&hellip;]<\/p>\n","protected":false},"author":1,"featured_media":0,"parent":0,"menu_order":0,"comment_status":"closed","ping_status":"closed","template":"","meta":{"footnotes":""},"class_list":["post-12","page","type-page","status-publish","hentry"],"yoast_head":"<!-- This site is optimized with the Yoast SEO plugin v26.7 - https:\/\/yoast.com\/wordpress\/plugins\/seo\/ -->\n<title>\u00c9quipe - ArialParo<\/title>\n<meta name=\"robots\" content=\"noindex, follow, max-snippet:-1, max-image-preview:large, max-video-preview:-1\" \/>\n<meta property=\"og:locale\" content=\"fr_FR\" \/>\n<meta property=\"og:type\" content=\"article\" \/>\n<meta property=\"og:title\" content=\"\u00c9quipe - ArialParo\" \/>\n<meta property=\"og:description\" content=\"Bienvenue sur la page d\u00e9di\u00e9e \u00e0 notre \u00e9quipe !Nous sommes un groupe aux comp\u00e9tences compl\u00e9mentaires, r\u00e9uni autour d\u2019un projet commun : cr\u00e9er un site WordPress \u00e0 la fois clair, moderne et efficace. Chacun apporte son savoir-faire, ses id\u00e9es et son \u00e9nergie pour faire avancer le projet et proposer un r\u00e9sultat \u00e0 la hauteur de nos [&hellip;]\" \/>\n<meta property=\"og:url\" content=\"https:\/\/arial.fiole.net\/wordpress\/page-equipe\/\" \/>\n<meta property=\"og:site_name\" content=\"ArialParo\" \/>\n<meta property=\"article:modified_time\" content=\"2026-01-09T14:20:15+00:00\" \/>\n<meta property=\"og:image\" content=\"https:\/\/arial.fiole.net\/wordpress\/wp-content\/uploads\/2026\/01\/IMG_6835-edited-scaled.jpg\" \/>\n\t<meta property=\"og:image:width\" content=\"2560\" \/>\n\t<meta property=\"og:image:height\" content=\"2560\" \/>\n\t<meta property=\"og:image:type\" content=\"image\/jpeg\" \/>\n<meta name=\"twitter:card\" content=\"summary_large_image\" \/>\n<meta name=\"twitter:label1\" content=\"Dur\u00e9e de lecture estim\u00e9e\" \/>\n\t<meta name=\"twitter:data1\" content=\"1 minute\" \/>\n<script type=\"application\/ld+json\" class=\"yoast-schema-graph\">{\"@context\":\"https:\/\/schema.org\",\"@graph\":[{\"@type\":\"WebPage\",\"@id\":\"https:\/\/arial.fiole.net\/wordpress\/page-equipe\/\",\"url\":\"https:\/\/arial.fiole.net\/wordpress\/page-equipe\/\",\"name\":\"\u00c9quipe - ArialParo\",\"isPartOf\":{\"@id\":\"https:\/\/arial.fiole.net\/wordpress\/#website\"},\"primaryImageOfPage\":{\"@id\":\"https:\/\/arial.fiole.net\/wordpress\/page-equipe\/#primaryimage\"},\"image\":{\"@id\":\"https:\/\/arial.fiole.net\/wordpress\/page-equipe\/#primaryimage\"},\"thumbnailUrl\":\"https:\/\/arial.fiole.net\/wordpress\/wp-content\/uploads\/2026\/01\/IMG_6835-edited-scaled.jpg\",\"datePublished\":\"2025-12-05T14:26:30+00:00\",\"dateModified\":\"2026-01-09T14:20:15+00:00\",\"breadcrumb\":{\"@id\":\"https:\/\/arial.fiole.net\/wordpress\/page-equipe\/#breadcrumb\"},\"inLanguage\":\"fr-FR\",\"potentialAction\":[{\"@type\":\"ReadAction\",\"target\":[\"https:\/\/arial.fiole.net\/wordpress\/page-equipe\/\"]}]},{\"@type\":\"ImageObject\",\"inLanguage\":\"fr-FR\",\"@id\":\"https:\/\/arial.fiole.net\/wordpress\/page-equipe\/#primaryimage\",\"url\":\"https:\/\/arial.fiole.net\/wordpress\/wp-content\/uploads\/2026\/01\/IMG_6835-edited-scaled.jpg\",\"contentUrl\":\"https:\/\/arial.fiole.net\/wordpress\/wp-content\/uploads\/2026\/01\/IMG_6835-edited-scaled.jpg\",\"width\":2560,\"height\":2560,\"caption\":\"Photo de Marine Georget, Community Manager de l'agence web\"},{\"@type\":\"BreadcrumbList\",\"@id\":\"https:\/\/arial.fiole.net\/wordpress\/page-equipe\/#breadcrumb\",\"itemListElement\":[{\"@type\":\"ListItem\",\"position\":1,\"name\":\"Accueil\",\"item\":\"https:\/\/arial.fiole.net\/wordpress\/\"},{\"@type\":\"ListItem\",\"position\":2,\"name\":\"\u00c9quipe\"}]},{\"@type\":\"WebSite\",\"@id\":\"https:\/\/arial.fiole.net\/wordpress\/#website\",\"url\":\"https:\/\/arial.fiole.net\/wordpress\/\",\"name\":\"ArialParo\",\"description\":\"\",\"potentialAction\":[{\"@type\":\"SearchAction\",\"target\":{\"@type\":\"EntryPoint\",\"urlTemplate\":\"https:\/\/arial.fiole.net\/wordpress\/?s={search_term_string}\"},\"query-input\":{\"@type\":\"PropertyValueSpecification\",\"valueRequired\":true,\"valueName\":\"search_term_string\"}}],\"inLanguage\":\"fr-FR\"}]}<\/script>\n<!-- \/ Yoast SEO plugin. -->","yoast_head_json":{"title":"\u00c9quipe - ArialParo","robots":{"index":"noindex","follow":"follow","max-snippet":"max-snippet:-1","max-image-preview":"max-image-preview:large","max-video-preview":"max-video-preview:-1"},"og_locale":"fr_FR","og_type":"article","og_title":"\u00c9quipe - ArialParo","og_description":"Bienvenue sur la page d\u00e9di\u00e9e \u00e0 notre \u00e9quipe !Nous sommes un groupe aux comp\u00e9tences compl\u00e9mentaires, r\u00e9uni autour d\u2019un projet commun : cr\u00e9er un site WordPress \u00e0 la fois clair, moderne et efficace. Chacun apporte son savoir-faire, ses id\u00e9es et son \u00e9nergie pour faire avancer le projet et proposer un r\u00e9sultat \u00e0 la hauteur de nos [&hellip;]","og_url":"https:\/\/arial.fiole.net\/wordpress\/page-equipe\/","og_site_name":"ArialParo","article_modified_time":"2026-01-09T14:20:15+00:00","og_image":[{"width":2560,"height":2560,"url":"https:\/\/arial.fiole.net\/wordpress\/wp-content\/uploads\/2026\/01\/IMG_6835-edited-scaled.jpg","type":"image\/jpeg"}],"twitter_card":"summary_large_image","twitter_misc":{"Dur\u00e9e de lecture estim\u00e9e":"1 minute"},"schema":{"@context":"https:\/\/schema.org","@graph":[{"@type":"WebPage","@id":"https:\/\/arial.fiole.net\/wordpress\/page-equipe\/","url":"https:\/\/arial.fiole.net\/wordpress\/page-equipe\/","name":"\u00c9quipe - ArialParo","isPartOf":{"@id":"https:\/\/arial.fiole.net\/wordpress\/#website"},"primaryImageOfPage":{"@id":"https:\/\/arial.fiole.net\/wordpress\/page-equipe\/#primaryimage"},"image":{"@id":"https:\/\/arial.fiole.net\/wordpress\/page-equipe\/#primaryimage"},"thumbnailUrl":"https:\/\/arial.fiole.net\/wordpress\/wp-content\/uploads\/2026\/01\/IMG_6835-edited-scaled.jpg","datePublished":"2025-12-05T14:26:30+00:00","dateModified":"2026-01-09T14:20:15+00:00","breadcrumb":{"@id":"https:\/\/arial.fiole.net\/wordpress\/page-equipe\/#breadcrumb"},"inLanguage":"fr-FR","potentialAction":[{"@type":"ReadAction","target":["https:\/\/arial.fiole.net\/wordpress\/page-equipe\/"]}]},{"@type":"ImageObject","inLanguage":"fr-FR","@id":"https:\/\/arial.fiole.net\/wordpress\/page-equipe\/#primaryimage","url":"https:\/\/arial.fiole.net\/wordpress\/wp-content\/uploads\/2026\/01\/IMG_6835-edited-scaled.jpg","contentUrl":"https:\/\/arial.fiole.net\/wordpress\/wp-content\/uploads\/2026\/01\/IMG_6835-edited-scaled.jpg","width":2560,"height":2560,"caption":"Photo de Marine Georget, Community Manager de l'agence web"},{"@type":"BreadcrumbList","@id":"https:\/\/arial.fiole.net\/wordpress\/page-equipe\/#breadcrumb","itemListElement":[{"@type":"ListItem","position":1,"name":"Accueil","item":"https:\/\/arial.fiole.net\/wordpress\/"},{"@type":"ListItem","position":2,"name":"\u00c9quipe"}]},{"@type":"WebSite","@id":"https:\/\/arial.fiole.net\/wordpress\/#website","url":"https:\/\/arial.fiole.net\/wordpress\/","name":"ArialParo","description":"","potentialAction":[{"@type":"SearchAction","target":{"@type":"EntryPoint","urlTemplate":"https:\/\/arial.fiole.net\/wordpress\/?s={search_term_string}"},"query-input":{"@type":"PropertyValueSpecification","valueRequired":true,"valueName":"search_term_string"}}],"inLanguage":"fr-FR"}]}},"_links":{"self":[{"href":"https:\/\/arial.fiole.net\/wordpress\/wp-json\/wp\/v2\/pages\/12","targetHints":{"allow":["GET"]}}],"collection":[{"href":"https:\/\/arial.fiole.net\/wordpress\/wp-json\/wp\/v2\/pages"}],"about":[{"href":"https:\/\/arial.fiole.net\/wordpress\/wp-json\/wp\/v2\/types\/page"}],"author":[{"embeddable":true,"href":"https:\/\/arial.fiole.net\/wordpress\/wp-json\/wp\/v2\/users\/1"}],"replies":[{"embeddable":true,"href":"https:\/\/arial.fiole.net\/wordpress\/wp-json\/wp\/v2\/comments?post=12"}],"version-history":[{"count":13,"href":"https:\/\/arial.fiole.net\/wordpress\/wp-json\/wp\/v2\/pages\/12\/revisions"}],"predecessor-version":[{"id":174,"href":"https:\/\/arial.fiole.net\/wordpress\/wp-json\/wp\/v2\/pages\/12\/revisions\/174"}],"wp:attachment":[{"href":"https:\/\/arial.fiole.net\/wordpress\/wp-json\/wp\/v2\/media?parent=12"}],"curies":[{"name":"wp","href":"https:\/\/api.w.org\/{rel}","templated":true}]}}