{"id":11,"date":"2025-12-05T15:26:40","date_gmt":"2025-12-05T14:26:40","guid":{"rendered":"https:\/\/arial.fiole.net\/wordpress\/?page_id=11"},"modified":"2026-01-09T15:56:28","modified_gmt":"2026-01-09T14:56:28","slug":"page-membre","status":"publish","type":"page","link":"https:\/\/arial.fiole.net\/wordpress\/page-equipe\/page-membre\/","title":{"rendered":"Alice EYNARD"},"content":{"rendered":"\n<div class=\"wp-block-cover\" style=\"border-top-left-radius:35px;border-top-right-radius:35px;border-bottom-left-radius:35px;border-bottom-right-radius:35px;min-height:500px;aspect-ratio:unset;\"><img loading=\"lazy\" decoding=\"async\" width=\"666\" height=\"1024\" class=\"wp-block-cover__image-background wp-image-62 size-large\" alt=\"Photo d'Alice Eynard, cheffe de projet de l'agence web\" src=\"https:\/\/arial.fiole.net\/wordpress\/wp-content\/uploads\/2025\/12\/IMG_2368-3-666x1024.jpg\" data-object-fit=\"cover\" srcset=\"https:\/\/arial.fiole.net\/wordpress\/wp-content\/uploads\/2025\/12\/IMG_2368-3-666x1024.jpg 666w, https:\/\/arial.fiole.net\/wordpress\/wp-content\/uploads\/2025\/12\/IMG_2368-3-195x300.jpg 195w, https:\/\/arial.fiole.net\/wordpress\/wp-content\/uploads\/2025\/12\/IMG_2368-3-768x1180.jpg 768w, https:\/\/arial.fiole.net\/wordpress\/wp-content\/uploads\/2025\/12\/IMG_2368-3.jpg 836w\" sizes=\"auto, (max-width: 666px) 100vw, 666px\" \/><span aria-hidden=\"true\" class=\"wp-block-cover__background has-primary-hover-background-color has-background-dim\"><\/span><div class=\"wp-block-cover__inner-container is-layout-flow wp-block-cover-is-layout-flow\">\n<p class=\"has-text-align-center has-large-font-size\"><\/p>\n<\/div><\/div>\n\n\n\n<p>Alice coordonne les actions du groupe gr\u00e2ce \u00e0 son sens de l\u2019organisation et sa capacit\u00e9 \u00e0 d\u00e9finir les priorit\u00e9s. Elle assure la coh\u00e9rence globale des projets, autant sur le plan cr\u00e9atif que strat\u00e9gique. Son regard artistique et ses comp\u00e9tences marketing lui permettent de piloter une vision forte, orient\u00e9e r\u00e9sultats, tout en veillant \u00e0 la qualit\u00e9 visuelle et \u00e0 la pertinence des messages.<\/p>\n\n\n\n<p><strong>Comp\u00e9tences :<\/strong><\/p>\n\n\n\n<ul class=\"wp-block-list\">\n<li>Cheffe de projet web<\/li>\n\n\n\n<li>Directrice artistique<\/li>\n\n\n\n<li>Marketeuse<\/li>\n<\/ul>\n\n\n\n<div class=\"wp-block-buttons is-layout-flex wp-block-buttons-is-layout-flex\">\n<div class=\"wp-block-button\"><a class=\"wp-block-button__link wp-element-button\" href=\"https:\/\/arial.fiole.net\/wordpress\/page-equipe\/\">L&rsquo;\u00c9quipe au global<\/a><\/div>\n<\/div>\n\n\n\n<p><\/p>\n","protected":false},"excerpt":{"rendered":"<p>Alice coordonne les actions du groupe gr\u00e2ce \u00e0 son sens de l\u2019organisation et sa capacit\u00e9 \u00e0 d\u00e9finir les priorit\u00e9s. Elle assure la coh\u00e9rence globale des projets, autant sur le plan cr\u00e9atif que strat\u00e9gique. Son regard artistique et ses comp\u00e9tences marketing lui permettent de piloter une vision forte, orient\u00e9e r\u00e9sultats, tout en veillant \u00e0 la qualit\u00e9 [&hellip;]<\/p>\n","protected":false},"author":1,"featured_media":0,"parent":12,"menu_order":0,"comment_status":"closed","ping_status":"closed","template":"","meta":{"footnotes":""},"class_list":["post-11","page","type-page","status-publish","hentry"],"yoast_head":"<!-- This site is optimized with the Yoast SEO plugin v26.7 - https:\/\/yoast.com\/wordpress\/plugins\/seo\/ -->\n<title>Alice EYNARD - ArialParo<\/title>\n<meta name=\"robots\" content=\"noindex, follow, max-snippet:-1, max-image-preview:large, max-video-preview:-1\" \/>\n<meta property=\"og:locale\" content=\"fr_FR\" \/>\n<meta property=\"og:type\" content=\"article\" \/>\n<meta property=\"og:title\" content=\"Alice EYNARD - ArialParo\" \/>\n<meta property=\"og:description\" content=\"Alice coordonne les actions du groupe gr\u00e2ce \u00e0 son sens de l\u2019organisation et sa capacit\u00e9 \u00e0 d\u00e9finir les priorit\u00e9s. Elle assure la coh\u00e9rence globale des projets, autant sur le plan cr\u00e9atif que strat\u00e9gique. Son regard artistique et ses comp\u00e9tences marketing lui permettent de piloter une vision forte, orient\u00e9e r\u00e9sultats, tout en veillant \u00e0 la qualit\u00e9 [&hellip;]\" \/>\n<meta property=\"og:url\" content=\"https:\/\/arial.fiole.net\/wordpress\/page-equipe\/page-membre\/\" \/>\n<meta property=\"og:site_name\" content=\"ArialParo\" \/>\n<meta property=\"article:modified_time\" content=\"2026-01-09T14:56:28+00:00\" \/>\n<meta property=\"og:image\" content=\"https:\/\/arial.fiole.net\/wordpress\/wp-content\/uploads\/2025\/12\/IMG_2368-3.jpg\" \/>\n\t<meta property=\"og:image:width\" content=\"836\" \/>\n\t<meta property=\"og:image:height\" content=\"1285\" \/>\n\t<meta property=\"og:image:type\" content=\"image\/jpeg\" \/>\n<meta name=\"twitter:card\" content=\"summary_large_image\" \/>\n<meta name=\"twitter:label1\" content=\"Dur\u00e9e de lecture estim\u00e9e\" \/>\n\t<meta name=\"twitter:data1\" content=\"1 minute\" \/>\n<script type=\"application\/ld+json\" class=\"yoast-schema-graph\">{\"@context\":\"https:\/\/schema.org\",\"@graph\":[{\"@type\":\"WebPage\",\"@id\":\"https:\/\/arial.fiole.net\/wordpress\/page-equipe\/page-membre\/\",\"url\":\"https:\/\/arial.fiole.net\/wordpress\/page-equipe\/page-membre\/\",\"name\":\"Alice EYNARD - ArialParo\",\"isPartOf\":{\"@id\":\"https:\/\/arial.fiole.net\/wordpress\/#website\"},\"primaryImageOfPage\":{\"@id\":\"https:\/\/arial.fiole.net\/wordpress\/page-equipe\/page-membre\/#primaryimage\"},\"image\":{\"@id\":\"https:\/\/arial.fiole.net\/wordpress\/page-equipe\/page-membre\/#primaryimage\"},\"thumbnailUrl\":\"https:\/\/arial.fiole.net\/wordpress\/wp-content\/uploads\/2025\/12\/IMG_2368-3-666x1024.jpg\",\"datePublished\":\"2025-12-05T14:26:40+00:00\",\"dateModified\":\"2026-01-09T14:56:28+00:00\",\"breadcrumb\":{\"@id\":\"https:\/\/arial.fiole.net\/wordpress\/page-equipe\/page-membre\/#breadcrumb\"},\"inLanguage\":\"fr-FR\",\"potentialAction\":[{\"@type\":\"ReadAction\",\"target\":[\"https:\/\/arial.fiole.net\/wordpress\/page-equipe\/page-membre\/\"]}]},{\"@type\":\"ImageObject\",\"inLanguage\":\"fr-FR\",\"@id\":\"https:\/\/arial.fiole.net\/wordpress\/page-equipe\/page-membre\/#primaryimage\",\"url\":\"https:\/\/arial.fiole.net\/wordpress\/wp-content\/uploads\/2025\/12\/IMG_2368-3.jpg\",\"contentUrl\":\"https:\/\/arial.fiole.net\/wordpress\/wp-content\/uploads\/2025\/12\/IMG_2368-3.jpg\",\"width\":836,\"height\":1285,\"caption\":\"Photo d'Alice Eynard, cheffe de projet de l'agence web\"},{\"@type\":\"BreadcrumbList\",\"@id\":\"https:\/\/arial.fiole.net\/wordpress\/page-equipe\/page-membre\/#breadcrumb\",\"itemListElement\":[{\"@type\":\"ListItem\",\"position\":1,\"name\":\"Accueil\",\"item\":\"https:\/\/arial.fiole.net\/wordpress\/\"},{\"@type\":\"ListItem\",\"position\":2,\"name\":\"\u00c9quipe\",\"item\":\"https:\/\/arial.fiole.net\/wordpress\/page-equipe\/\"},{\"@type\":\"ListItem\",\"position\":3,\"name\":\"Alice EYNARD\"}]},{\"@type\":\"WebSite\",\"@id\":\"https:\/\/arial.fiole.net\/wordpress\/#website\",\"url\":\"https:\/\/arial.fiole.net\/wordpress\/\",\"name\":\"ArialParo\",\"description\":\"\",\"potentialAction\":[{\"@type\":\"SearchAction\",\"target\":{\"@type\":\"EntryPoint\",\"urlTemplate\":\"https:\/\/arial.fiole.net\/wordpress\/?s={search_term_string}\"},\"query-input\":{\"@type\":\"PropertyValueSpecification\",\"valueRequired\":true,\"valueName\":\"search_term_string\"}}],\"inLanguage\":\"fr-FR\"}]}<\/script>\n<!-- \/ Yoast SEO plugin. -->","yoast_head_json":{"title":"Alice EYNARD - ArialParo","robots":{"index":"noindex","follow":"follow","max-snippet":"max-snippet:-1","max-image-preview":"max-image-preview:large","max-video-preview":"max-video-preview:-1"},"og_locale":"fr_FR","og_type":"article","og_title":"Alice EYNARD - ArialParo","og_description":"Alice coordonne les actions du groupe gr\u00e2ce \u00e0 son sens de l\u2019organisation et sa capacit\u00e9 \u00e0 d\u00e9finir les priorit\u00e9s. Elle assure la coh\u00e9rence globale des projets, autant sur le plan cr\u00e9atif que strat\u00e9gique. Son regard artistique et ses comp\u00e9tences marketing lui permettent de piloter une vision forte, orient\u00e9e r\u00e9sultats, tout en veillant \u00e0 la qualit\u00e9 [&hellip;]","og_url":"https:\/\/arial.fiole.net\/wordpress\/page-equipe\/page-membre\/","og_site_name":"ArialParo","article_modified_time":"2026-01-09T14:56:28+00:00","og_image":[{"width":836,"height":1285,"url":"https:\/\/arial.fiole.net\/wordpress\/wp-content\/uploads\/2025\/12\/IMG_2368-3.jpg","type":"image\/jpeg"}],"twitter_card":"summary_large_image","twitter_misc":{"Dur\u00e9e de lecture estim\u00e9e":"1 minute"},"schema":{"@context":"https:\/\/schema.org","@graph":[{"@type":"WebPage","@id":"https:\/\/arial.fiole.net\/wordpress\/page-equipe\/page-membre\/","url":"https:\/\/arial.fiole.net\/wordpress\/page-equipe\/page-membre\/","name":"Alice EYNARD - ArialParo","isPartOf":{"@id":"https:\/\/arial.fiole.net\/wordpress\/#website"},"primaryImageOfPage":{"@id":"https:\/\/arial.fiole.net\/wordpress\/page-equipe\/page-membre\/#primaryimage"},"image":{"@id":"https:\/\/arial.fiole.net\/wordpress\/page-equipe\/page-membre\/#primaryimage"},"thumbnailUrl":"https:\/\/arial.fiole.net\/wordpress\/wp-content\/uploads\/2025\/12\/IMG_2368-3-666x1024.jpg","datePublished":"2025-12-05T14:26:40+00:00","dateModified":"2026-01-09T14:56:28+00:00","breadcrumb":{"@id":"https:\/\/arial.fiole.net\/wordpress\/page-equipe\/page-membre\/#breadcrumb"},"inLanguage":"fr-FR","potentialAction":[{"@type":"ReadAction","target":["https:\/\/arial.fiole.net\/wordpress\/page-equipe\/page-membre\/"]}]},{"@type":"ImageObject","inLanguage":"fr-FR","@id":"https:\/\/arial.fiole.net\/wordpress\/page-equipe\/page-membre\/#primaryimage","url":"https:\/\/arial.fiole.net\/wordpress\/wp-content\/uploads\/2025\/12\/IMG_2368-3.jpg","contentUrl":"https:\/\/arial.fiole.net\/wordpress\/wp-content\/uploads\/2025\/12\/IMG_2368-3.jpg","width":836,"height":1285,"caption":"Photo d'Alice Eynard, cheffe de projet de l'agence web"},{"@type":"BreadcrumbList","@id":"https:\/\/arial.fiole.net\/wordpress\/page-equipe\/page-membre\/#breadcrumb","itemListElement":[{"@type":"ListItem","position":1,"name":"Accueil","item":"https:\/\/arial.fiole.net\/wordpress\/"},{"@type":"ListItem","position":2,"name":"\u00c9quipe","item":"https:\/\/arial.fiole.net\/wordpress\/page-equipe\/"},{"@type":"ListItem","position":3,"name":"Alice EYNARD"}]},{"@type":"WebSite","@id":"https:\/\/arial.fiole.net\/wordpress\/#website","url":"https:\/\/arial.fiole.net\/wordpress\/","name":"ArialParo","description":"","potentialAction":[{"@type":"SearchAction","target":{"@type":"EntryPoint","urlTemplate":"https:\/\/arial.fiole.net\/wordpress\/?s={search_term_string}"},"query-input":{"@type":"PropertyValueSpecification","valueRequired":true,"valueName":"search_term_string"}}],"inLanguage":"fr-FR"}]}},"_links":{"self":[{"href":"https:\/\/arial.fiole.net\/wordpress\/wp-json\/wp\/v2\/pages\/11","targetHints":{"allow":["GET"]}}],"collection":[{"href":"https:\/\/arial.fiole.net\/wordpress\/wp-json\/wp\/v2\/pages"}],"about":[{"href":"https:\/\/arial.fiole.net\/wordpress\/wp-json\/wp\/v2\/types\/page"}],"author":[{"embeddable":true,"href":"https:\/\/arial.fiole.net\/wordpress\/wp-json\/wp\/v2\/users\/1"}],"replies":[{"embeddable":true,"href":"https:\/\/arial.fiole.net\/wordpress\/wp-json\/wp\/v2\/comments?post=11"}],"version-history":[{"count":18,"href":"https:\/\/arial.fiole.net\/wordpress\/wp-json\/wp\/v2\/pages\/11\/revisions"}],"predecessor-version":[{"id":192,"href":"https:\/\/arial.fiole.net\/wordpress\/wp-json\/wp\/v2\/pages\/11\/revisions\/192"}],"up":[{"embeddable":true,"href":"https:\/\/arial.fiole.net\/wordpress\/wp-json\/wp\/v2\/pages\/12"}],"wp:attachment":[{"href":"https:\/\/arial.fiole.net\/wordpress\/wp-json\/wp\/v2\/media?parent=11"}],"curies":[{"name":"wp","href":"https:\/\/api.w.org\/{rel}","templated":true}]}}